 12) to base 14.
139cb
What is 2120012210 (base 3) in base 9?
76183
What is 1220c (base 14) in base 2?
1010110100010100
-172000 (base 10) to base 14
-4697a
Convert -63122155 (base 7) to base 9.
-11002881
What is -551003 (base 7) in base 4?
-113202002
-360a247 (base 11) to base 14
-b9bd3a
Convert -2388216 (base 9) to base 4.
-10331001132
11212010120 (base 3) to base 14
26ba3
3ccc7c (base 15) to base 7
33616122
Convert -23203221 (base 4) to base 14.
-13373
Convert 2206786 (base 10) to base 11.
1277a9a
Convert -178100 (base 11) to base 15.
-56422
Convert 108065 (base 15) to base 6.
24505022
Convert -15708 (base 9) to base 12.
-62a5
116416 (base 10) to base 5
12211131
Convert 246195 (base 12) to base 16.
90581
What is -21002113 (base 5) in base 9?
-282136
Convert -84823 (base 10) to base 11.
-58802
What is 3013311311 (base 5) in base 14?
b20885
Convert -1022021211201 (base 3) to base 2.
-10101001100101011101
What is -12313204 (base 5) in base 13?
-426b9
4262012 (base 7) to base 2
1111110110010001111
Convert -13443123 (base 5) to base 15.
-2b90d
What is 1451434 (base 6) in base 8?
245216
4006504 (base 7) to base 9
800627
20e93f (base 16) to base 4
20032210333
What is 11a679 (base 13) in base 6?
13022014
Convert 405103 (base 6) to base 5.
2012343
What is 10bd8c9 (base 15) in base 16?
b70114
Convert 10220110201 (base 3) to base 10.
76888
What is 3cc447 (base 15) in base 5?
1222131332
Convert -110001111001100001 (base 2) to base 15.
-4085a
What is 2134420 (base 7) in base 2?
111111101100011010
What is 22040200 (base 5) in base 6?
4023510
Convert 1119828 (base 11) to base 5.
1000211410
Convert 23688c (base 15) to base 13.
47367c
-155609a (base 11) to base 8
-12107504
What is -61437364 (base 8) in base 6?
-1142245140
Convert -808339 (base 13) to base 16.
-2d99bb
317808 (base 9) to base 10
189467
What is 24964 (base 15) in base 12?
57771
a9897 (base 11) to base 12
78347
Convert 199c4 (base 14) to base 4.
33320120
What is -381549 (base 11) in base 10?
-602270
Convert -120010001222010 (base 3) to base 10.
-8032098
Convert 746721 (base 9) to base 10.
444547
What is 121022020 (base 4) in base 3?
12020100121
Convert 2503512 (base 6) to base 3.
20202110222
What is bb440 (base 13) in base 7?
2611350
Convert 22023111320 (base 4) to base 8.
12132570
What is -2114255 (base 9) in base 5?
-242202440
What is -426152 (base 8) in base 15?
-2c312
-1218823 (base 9) to base 14
-133689
What is -104441604 (base 7) in base 14?
-ba4874
Convert -222bd9 (base 15) to base 13.
-450879
What is 491a3 (base 12) in base 7?
560640
-89447 (base 13) to base 8
-746244
What is -1010101000100011000 (base 2) in base 3?
-122200222012
Convert -8558475 (base 9) to base 10.
-4585802
Convert -32022222 (base 5) to base 4.
-1001032303
71a00 (base 16) to base 4
1301220000
Convert -21325240 (base 6) to base 5.
-130233444
What is -127047 (base 9) in base 14?
-20269
1932947 (base 10) to base 3
10122012111122
What is 44537 (base 14) in base 5?
20300134
b41a05 (base 12) to base 11
1659189
Convert 241224552 (base 6) to base 12.
1632158
Convert 32011030103 (base 4) to base 9.
6845435
What is -32000232 (base 5) in base 7?
-2154420
-12301333 (base 4) to base 2
-110110001111111
What is 205378 (base 9) in base 13?
43730
Convert 2114004 (base 6) to base 13.
37cc6
-100210233310 (base 4) to base 8
-20445764
-15a2a61 (base 11) to base 15
-38d0b0
123058 (base 11) to base 5
22210024
Convert 43667 (base 8) to base 4.
10132313
-425329 (base 16) to base 13
-b925bb
What is -72744 (base 10) in base 13?
-27159
1002201201001 (base 3) to base 16
8edd4
What is -2220423 (base 5) in base 11?
-27220
3312240200 (base 5) to base 16
6d1771
Convert -5041472 (base 9) to base 14.
-4dc4ab
-3215455 (base 6) to base 13
-56c48
What is -7e008 (base 15) in base 11?
-254831
Convert 32a4849 (base 11) to base 13.
1279283
-342632 (base 13) to base 6
-42234552
Convert -122220122 (base 3) to base 14.
-4a8a
-a44996 (base 11) to base 12
-689808
-26462334 (base 7) to base 14
-4757c4
Convert 2543042 (base 6) to base 4.
201231002
Convert -763404 (base 8) to base 13.
-8c53c
Convert 111121021100210 (base 3) to base 15.
97be03
Convert 354250 (base 8) to base 4.
131202220
212333013 (base 5) to base 6
31201042
2441727 (base 8) to base 3
1021011210211
What is -110f64 (base 16) in base 6?
-35544100
What is -14568244 (base 10) in base 15?
-142b7b4
1103634 (base 12) to base 15
440404
201221022011212 (base 3) to base 2
101000011010110001011001
-2b779 (base 13) to base 12
-3b950
What is -19aaa (base 16) in base 3?
-12100012201
What is 796408 (base 10) in base 7?
6524614
What is 6404004 (base 7) in base 3?
1110100102010
Convert -325850 (base 14) to base 15.
-23a5ac
Convert -31303340 (base 5) to base 7.
-2131365
Convert -2001221201 (base 3) to base 2.
-1001111101010101
-94894 (base 13) to base 14
-6d5b8
What is 110121202000 (base 3) in base 8?
745120
30b9c (base 14) to base 7
666455
3025450 (base 6) to base 5
14100224
What is -100100011010100000000 (base 2) in base 6?
-41324052
Convert 101100011010111000 (base 2) to base 3.
100020120200
What is 10101001110000110 (base 2) in base 5?
10240133
-174386 (base 15) to base 8
-4233163
Convert -125335a (base 12) to base 7.
-42353155
What is 43123515 (base 6) in base 7?
13542206
Convert 283716 (base 11) to base 10.
444087
16427 (base 15) to base 13
268c0
Convert -111010001101 (base 4) to base 16.
-544051
What is -1120012323 (base 4) in base 11?
-227163
What is -7b533c (base 14) in base 8?
-20016352
-56542424 (base 7) to base 15
-672368
90ed4b (base 16) to base 10
9497931
-271351 (base 8) to base 7
-543555
What is -1235051 (base 6) in base 15?
-14da7
-41759 (base 13) to base 14
-30c70
Convert 2656a (base 13) to base 6.
1305445
Convert -1224255 (base 6) to base 9.
-110188
11365225 (base 7) to base 14
1c3415
What is 60451105 (base 7) in base 16?
4c9cd8
Convert -290155 (base 11) to base 3.
-212001211202
Convert -106b18c (base 13) to base 9.
-10404666
275106 (base 9) to base 6
3332353
Convert 110111101000011100000 (base 2) to base 16.
1bd0e0
Convert 112121121210 (base 3) to base 9.
477553
What is -3e3de (base 15) in base 5?
-22400014
Convert -34333410 (base 6) to base 12.
-42a266
-33533354 (base 6) to base 4
-3321311212
-17447727 (base 8) to base 13
-acc997
Convert -11110010111110 (base 2) to base 10.
-15550
Convert -512153 (base 13) to base 2.
-111001101010101111001
-1025056 (base 7) to base 15
-26c07
-106298 (base 10) to base 7
-621623
-1327c9 (base 14) to base 3
-1020112111111
Convert 533618 (base 10) to base 15.
a8198
Convert -1355171 (base 8) to base 11.
-242236
-f71f9 (base 16) to base 5
-224342332
-13412002 (base 8) to base 10
-3019778
23204033 (base 6) to base 4
2232313311
What is 12211100033 (base 4) in base 15?
2413a5
What is 1100101101100011010111 (base 2) in base 11?
1976684
What is 1540b38 (base 13) in base 7?
111536252
10401044224 (base 5) to base 2
101011010010001101111110
What is 2ba60 (base 16) in base 13?
634b8
-2390472 (base 10) to base 14
-463240
What is 134623 (base 9) in base 12?
3b663
What is -450d81 (base 16) in base 3?
-22111220201221
-122103130 (base 4) to base 9
-173711
Convert 522761 (base 11) to base 6.
25544053
What is 283847 (base 11) in base 3?
211120101102
What is 23880 (base 9) in base 14?
5bad
Convert 22123340 (base 5) to base 4.
232331121
What is -7195160 (base 10) in base 3?
-111112112220102
What is -b2aa2 (base 12) in base 5?
-24424424
What is -351b2 (base 14) in base 16?
-1f928
Convert -16245147 (base 8) to base 7.
-43625232
Convert -99c587 (base 15) to base 11.
-41584aa
Convert -3ba8dc (base 16) to base 6.
-215445100
-112002 (base 9) to base 16
-105fe
Convert 16350 (base 9) to base 13.
5154
-11000010111100111 (base 2) to base 13
-36581
What is 10011001000010011011 (base 2) in base 9?
1154772
What is -a6c1d (base 14) in base 13?
-111583
317567 (base 10) to base 15
64162
What is 12024322003 (base 5) in base 16?
d41ebf
What is 1845a9 (base 11) in base 13?
9c4a8
330733 (base 8) to base 11
764a0
Convert 133120011 (base 6) to base 13.
726259
Convert 1022010000 (base 4) to base 16.
4a100
Convert -100110101110111100110 (base 2) to base 11.
-797649
-37361a (base 11) to base 6
-20353124
What is 1133520 (base 8) in base 16?
4b750
What is -101101010001000101010 (base 2) in base 14?
-2a87c6
149b